t common factor of b and 13.
13
Let c be (3 - 12)/(-1 + 0). Suppose 2*o + 3*o - 130 = 0. Let j = o - -46. Calculate the highest common divisor of j and c.
9
Suppose -20*o - 1846 + 9686 = 0. Calculate the highest common factor of o and 14.
14
Let y = -5 - -8. Suppose -2*u + 5*u - 2*g = -22, y*u - 3*g = -27. Let t be 0/u + (11 - -1). Calculate the greatest common divisor of t and 60.
12
Suppose -120 = 6*a + 96. Let l = 46 + a. What is the greatest common factor of l and 25?
5
Let z = 6 + 7. Let j = -1312 + 1351. What is the greatest common factor of z and j?
13
Suppose 4*v - 8*v = 32*v - 684. Let c = -229 - -400. What is the highest common factor of v and c?
19
Suppose -9*z + 281 + 151 = 0. Suppose 0 = -2*s + 6*s - 32. Calculate the greatest common divisor of s and z.
8
Let a(i) = 2*i**3 - 20*i**2 + 6*i + 6. Let q be a(10). Calculate the highest common divisor of 33 and q.
33
Let h be 147/9 + (-2)/6. Suppose 4*r + 4 + 0 = 0. Let g be 142 + (4 - 3) + r + 2. Calculate the greatest common factor of g and h.
16
Let r(j) = -j**3 + 16*j**2 + 8*j - 16. Let a be r(16). Suppose 80 = -107*w + a*w. Let t be 6 + -4 + (3 - 1). Calculate the highest common factor of t and w.
4
Suppose 25*s + 10*s = 9800. Calculate the highest common divisor of s and 21.
7
Suppose -9 = -5*y + 11. Let n = -35 - -47. Calculate the greatest common factor of y and n.
4
Let a be (-6)/45 + (-12293)/(-285). What is the greatest common divisor of 1591 and a?
43
Let u be (-1*(-39)/(-2))/((-186)/9920). Calculate the highest common divisor of 160 and u.
80
Let i(b) = b + 2. Let u be i(6). Suppose -6 = -2*h + u. Calculate the greatest common factor of h and 1.
1
Suppose -i = -5*v + 219, -5*v - 5*i = -134 - 61. Calculate the highest common factor of 1806 and v.
43
Suppose 0 = -3*c - 4*r + 66, 3*c - r = -0*r + 66. Let d = c - 12. Suppose 57 - 457 = -5*o. Calculate the highest common divisor of d and o.
10
Suppose 0*o = 2*o + 56. Let d be 25*(-7)/(o/32). What is the greatest common factor of 40 and d?
40
Let v be (-349)/(-5) + (-1 - (-18)/15). Calculate the greatest common factor of 5 and v.
5
Suppose -2*n - 6 = -2. Let y be n/2 + 31/1. Suppose 0 = 3*q + 3*v - 213, q = 2*v + v + 87. What is the greatest common factor of q and y?
15
Let q = -124 - -38. Let x = q - -122. Calculate the greatest common divisor of x and 12.
12
Let m = 133 + -62. Let h = m + -29. What is the greatest common divisor of h and 63?
21
Suppose -4*v - 3*f - 2*f = -1492, 0 = 2*f + 8. Suppose v = -0*s + 3*s. Let o = -86 + s. What is the greatest common factor of 10 and o?
10
Let n = -847 - -867. What is the highest common factor of 545 and n?
5
Let t(i) = -i**3 + 6*i**2 - 6*i - 2. Let r be t(5). Let c be 28 + (-6)/(-2) - (-8 - r). What is the highest common factor of c and 288?
32
Let g(b) = -8*b - 4. Let k be g(-3). Suppose 5*n - 915 = -3*u, -5*u - 636 = -5*n + 239. What is the greatest common factor of n and k?
20
Let q = 40 - 31. Let v = q - -16. Calculate the greatest common divisor of v and 175.
25
Let i = -27 - -30. Suppose -i*j - 105 = -3*m, 228 = -5*j + 3*m + 49. Let t = 56 + j. Calculate the highest common factor of 19 and t.
19
Let c = 128 - 26. Let g(q) = q**3 - 3*q**2 - q - 11. Let u = -21 + 26. Let r be g(u). What is the highest common divisor of r and c?
34
Let b = 379 + -307. What is the greatest common divisor of b and 120?
24
Let h(f) = -f**3 - 25*f**2 - 29*f - 58. Let t be h(-24). Calculate the highest common divisor of 558 and t.
62
Let y be 2/5 - (-56)/10. Suppose 0*d + y = 2*d. Suppose 13*n + 375 - 570 = 0. What is the highest common divisor of n and d?
3
Suppose -r - 2*b = 0, 25 = -11*r + 12*r - 3*b. Calculate the greatest common divisor of 7 and r.
1
Suppose -55*w + 3331 = -519. Calculate the highest common divisor of w and 3290.
70
Suppose -r + 5*q + 75 = 0, 4*r - 32 = -5*q + 218. Calculate the greatest common factor of 1105 and r.
65
Suppose 9 = -5*l - 6. Let k(p) = p**3 + 3*p**2 - 2*p + 6. Let a be k(l). Calculate the greatest common divisor of a and 96.
12
Suppose 2*d + 0 - 14 = 0. Suppose 3*s + 2*s = 140. Suppose v = -v + s. What is the greatest common factor of v and d?
7
Let b be 14/1*2/4. Suppose -5*d - 2*m + 355 = -b*m, 4*d + 5*m = 239. Calculate the greatest common factor of d and 6.
6
Let t be (-9)/((-180)/1352) - (-4)/10. Suppose 0 = 3*n - 6*n + 51. Calculate the highest common divisor of t and n.
17
Let g be 3*9 + 12/4. Suppose 19*d = 889 + 251. What is the highest common factor of g and d?
30
Let s(h) = h**2 - 3*h + 3. Suppose -4*i + 15 = -1. Let b be s(i). Suppose -m + b = p, -2*m + 21 - 1 = 4*p. What is the highest common divisor of m and 44?
4
Let g(f) = 1. Let v(l) = l**2 - 8*l - 9. Let r(t) = 3*g(t) - v(t). Let o be r(9). Suppose -6 = -o*n + 36. What is the greatest common factor of 154 and n?
14
Suppose 37*m = 46*m - 27. Calculate the greatest common factor of m and 147.
3
Let p be ((-5)/(-4))/(1/4). Suppose -27 = -p*j + 68. Let z = -90 - -299. What is the highest common divisor of j and z?
19
Suppose -8*m = -6*m - 288. Suppose 0 = -4*y + y + m. What is the greatest common factor of y and 8?
8
Let r(n) = 2*n**3 + 25*n**2 + 10*n + 39. Let h be r(-12). Calculate the highest common divisor of h and 63.
63
Let u = 17 + -1. Let r be (3*(-12)/u)/((-9)/12). What is the highest common divisor of r and 4?
1
Let s(j) = 2*j + 3. Let u(i) = -i**2 + 2. Let k be u(-1). Let o = k + -1. Let d be s(o). What is the highest common divisor of 33 and d?
3
Let p(c) = c**2 + 13*c + 13. Suppose -4*x - 3*y + 17 - 84 = 0, 0 = 3*x + 3*y + 54. Let i be p(x). Calculate the greatest common divisor of i and 143.
13
Suppose 119*l = 120*l - 31. What is the greatest common factor of l and 465?
31
Let b be (-6)/9*(-9)/3. Let k(p) = -2*p + 18. Let f be k(10). Let c be b*1/f*-15. What is the highest common factor of 75 and c?
15
Let x be ((-96)/(-40))/((-2)/(-25)). Let b be (2 - 4)/((-2)/x). What is the highest common divisor of b and 6?
6
Let k be 13*2 - (-74)/(-37). Calculate the greatest common divisor of 72 and k.
24
Let g = -167 - -195. Calculate the greatest common factor of 441 and g.
7
Let p be 32*(1295/77 + (-4)/(-22)). Calculate the greatest common factor of p and 17.
17
Let n = 11 + -2. Suppose 0 = -5*i + 4*f + 301, -3*i + 3*f + 180 = -0*f. Let x = i - 34. What is the highest common divisor of x and n?
9
Let s(b) = -170*b**3 + b**2 + b + 1. Let m be s(-1). Let l = 127 + -108. Calculate the greatest common factor of m and l.
19
Let h = -657 - -685. Calculate the greatest common divisor of h and 238.
14
Suppose 0*z = -3*q + 4*z + 5281, -6*q + 10510 = 5*z. What is the greatest common factor of 13 and q?
13
Suppose -a - 80 = 9*c - 14*c, -3*c + 5*a + 70 = 0. Calculate the greatest common factor of 125 and c.
5
Let t = 504 - 489. What is the highest common factor of 35 and t?
5
Let n = -669 - -843. What is the highest common divisor of n and 406?
58
Let s = -532 + 543. Suppose 128 + 202 = 5*q. What is the highest common factor of q and s?
11
Suppose -4097 = -22*h + 10423. What is the greatest common factor of h and 84?
12
Let c(k) = 6*k. Let p be c(1). Let q(r) = -r**2 + 4*r + 1. Let v be q(5). Let a = v + p. What is the greatest common factor of 2 and a?
2
Let i(o) = -o**3 + 25*o**2 + 27*o - 15. Let t be i(26). Calculate the greatest common divisor of t and 1111.
11
Let g(r) = 76*r + 1. Let n be g(1). Let i = 44 + -42. Suppose -i*p + 27 = 3*f, 6 + 20 = 2*f + 4*p. What is the highest common divisor of n and f?
7
Suppose -2*t - 2 = -108. Calculate the highest common divisor of 848 and t.
53
Let w be ((-666)/(-148))/((-6)/(-40)). Calculate the highest common divisor of w and 165.
15
Suppose 135 = u - 129. What is the greatest common divisor of 66 and u?
66
Let x = -13 + 26. Suppose 5*w + 4*t - 132 = 0, -w + 2*t = -x - 19. Calculate the highest common factor of w and 70.
14
Suppose 0 = r - 11 - 3. Calculate the highest common factor of r and 35.
7
Let q(s) = s**2 + s - 3. Let t be q(-3). Suppose 0*r - 2*r - 1 = -t*w, -2*r - w + 11 = 0. What is the highest common factor of 28 and r?
4
Let k(v) = -v + 22. Let o be k(12). Suppose -12 = o*y - 13*y. Calculate the highest common factor of 44 and y.
4
Suppose k - 538 + 520 = 0. What is the greatest common divisor of k and 1422?
18
Let q = -800 - -810. Suppose -k = k